= -g*k, -2*w - k - 21 = -4*w. List the prime factors of w.
2, 5
Let a(d) be the first derivative of -d**3/3 - 6*d**2 + 9*d - 5. What are the prime factors of a(-10)?
29
List the prime factors of 64/6*36/16.
2, 3
Let w(s) = s**3 - 22*s**2 - 18*s + 44. What are the prime factors of w(23)?
3, 53
Let h = -33 + 22. What are the prime factors of (h + 1)/(2/(-4))?
2, 5
Let k(r) = -r**2 + 9*r + 11. Let p = 20 + -9. Let t = 20 - p. List the prime factors of k(t).
11
Let n = -23 + 33. Let c = 12 - n. What are the prime factors of c?
2
Let w be 7/4 - 2/(-8). Suppose -4*u = -w*b - 26, 5*b - 17 = -3*u + 35. Suppose 5*o - 2*o - u = 0. List the prime factors of o.
3
Let n = -50 + 93. What are the prime factors of n?
43
What are the prime factors of -1 - (-214)/5 - (-2)/10?
2, 3, 7
Suppose -165 = -k - 50. What are the prime factors of k?
5, 23
Let m be ((1 - -1) + -3)*3. Let d be 32 + (-2 - 1*m). Suppose -2*k - k = -d. What are the prime factors of k?
11
Let z(y) = 2*y**2 + y. Let o be z(-2). List the prime factors of 2/6 + 202/o.
2, 17
Suppose 0 = o + 2*o - 12. Let t(v) = -3*v**2 + 4*v**2 - v - v. List the prime factors of t(o).
2
What are the prime factors of ((-1)/((-15)/18))/((-4)/(-130))?
3, 13
Let l = 17 - 8. Suppose 3*g = -6 - l, 0 = 5*u + 5*g - 60. What are the prime factors of u?
17
Let z(t) = 2*t - 8. Let o(m) = m**2 - 4*m - 6. Let b be o(6). Let i be z(b). Suppose -s + 35 = i*s. What are the prime factors of s?
7
Suppose 62 = 19*b - 17*b. What are the prime factors of b?
31
Let t = -7 - -12. Suppose t*j = -j + 12. What are the prime factors of j?
2
Suppose -4*w = -2*o + 10, -5 = -2*w - o - 0. Suppose 2*m - m = w. Suppose -p - 4*p + 15 = m. List the prime factors of p.
3
Let l(h) = 2*h**2 - 2*h. Let k be l(2). Suppose 10 + 6 = k*o. List the prime factors of o.
2
Suppose -z = 2*z + 3*t + 39, 2*z - 2*t + 14 = 0. Let v = 2 + z. List the prime factors of (28/v)/(1/(-2)).
7
Suppose 2*h = h + 2, 3*h + 34 = -5*i. Let f = i - -13. Suppose 2*m - f - 13 = -2*t, -4*m - t = -39. List the prime factors of m.
2, 5
Let r = -8 - -48. Suppose -2*y + 7*y = r. List the prime factors of y.
2
Let s(a) = a**3 + 4*a**2 - 7*a - 4. List the prime factors of s(-5).
2, 3
Let k(z) = z**3 - 10*z**2 + 2*z + 10. List the prime factors of k(10).
2, 3, 5
Let q(w) = -w**2 + 4*w - 1. Let c be q(4). Let d = -2 + 2. What are the prime factors of d + 2 + c + 11?
2, 3
List the prime factors of 6/27 + (-860)/(-18).
2, 3
Let i = 1 - -1. Suppose 2*k = 3*k - 2*d - 6, 0 = i*k - 3*d - 10. Suppose -l = -3, 0 = -2*o - k*l + 31 - 7. List the prime factors of o.
3
Let w be 4/(8/(-6)) + 0. Let b(k) = -k**3 - 2*k**2 + 3. List the prime factors of b(w).
2, 3
Suppose 2*o = 3 + 1. List the prime factors of o.
2
Let g(r) = r**2 + 2*r + 2. Let j be g(-2). Let k = 5 + j. List the prime factors of k.
7
Let z(i) = -i**2 - 7*i. Let r be z(-7). Suppose r*o - 3*o + 21 = 0. List the prime factors of o.
7
Suppose -p = -8 + 18. Let b(f) = f**2 + 10*f + 4. List the prime factors of b(p).
2
Let b = 35 + -25. Let h = 4 + b. List the prime factors of h.
2, 7
Let l = 374 + -232. What are the prime factors of l?
2, 71
Suppose 3*i - 23 = -4*u + 33, u + 2*i = 19. List the prime factors of u.
11
What are the prime factors of 0 + (-1 - -2) - -55?
2, 7
Let u(f) = 3*f. Let s be u(1). Suppose -177 = -4*k - s*n, 57 - 13 = k + n. List the prime factors of k.
3, 5
Suppose -2*w + 0*w = -6. Let v = w + 15. What are the prime factors of v?
2, 3
Let v(j) = -j**3 - 9*j**2 + 5*j + 18. List the prime factors of v(-10).
2, 17
Let c(h) = h**2 - 6*h - 9. Let v be c(8). Suppose -128 = 3*m - v*m. Suppose -k + 3*k = m. List the prime factors of k.
2
Let w(h) = 3*h**2 - h - 2. Let o be w(4). Suppose -3*k = -5*k + o. List the prime factors of k.
3, 7
Suppose 4*r = -2*m, 5*m - r = 2*r. Suppose 10 = -m*y - y. List the prime factors of (0 - -6)*y/(-6).
2, 5
Suppose -4 = -0*j - j. Suppose -5*a + 6 = -2*c, j*c - 9 - 1 = -a. List the prime factors of c.
2
Suppose -6*y + 60 = -2*y. Let c = y - 6. What are the prime factors of c?
3
Let y = 12 - 13. List the prime factors of (y - -3)*38/4.
19
Let m = 67 - 40. List the prime factors of m.
3
Suppose 5*n = 3*n - 4. What are the prime factors of 39 + 1/(-2)*n?
2, 5
Suppose -4*g + 23 - 247 = 0. Let v = -27 - g. Suppose 5*p + m - v = 0, -5 = -3*m + 7. List the prime factors of p.
5
Suppose 4*p - 183 = 29. List the prime factors of p.
53
Let f = 8 + -10. List the prime factors of 32 - 1/(f/(-6)).
29
Let q(a) = 2*a**2 - 6*a - 1. List the prime factors of q(7).
5, 11
Suppose -z = z - 10, 4*d = -2*z + 6. Let g(a) = a**2 + a - 1. Let l be g(d). What are the prime factors of (l/2)/(2/(-76))?
19
Suppose 5*w - 29 - 54 = -3*l, -107 = -4*l - 3*w. What are the prime factors of l?
2, 13
Let a be (-2)/(3 - 20/6). Suppose -84 = -a*y + 84. What are the prime factors of y?
2, 7
Let q be (5 - 0)/(1/7). Let u be 4/16*4 + -25. Let l = q + u. What are the prime factors of l?
11
Let i = -5 - -7. Suppose 11 = a + i. What are the prime factors of a?
3
Let j(t) = 102*t**2 + 3*t + 4. List the prime factors of j(-1).
103
Let t(b) = -4*b + 6. Let i(u) = 5*u + 5 - 7 - 5. Let h(l) = 5*i(l) + 6*t(l). What are the prime factors of h(5)?
2, 3
Let f be (-29)/(-4) + (-2)/8. Let x = -4 + f. List the prime factors of x.
3
Let d = -24 + 56. What are the prime factors of d?
2
Suppose -2*w - 3 + 25 = 0. Let q = 7 - w. What are the prime factors of q*1*(-1 + -1)?
2
Let y = 14 + -20. What are the prime factors of (-22)/(-2) + (-6)/y?
2, 3
Suppose 0 = -2*n - 5*s - 31, 0 = -n - 2*s + 1 - 16. What are the prime factors of n*((-2)/2)/1?
13
Suppose -2 = 2*i + 2, -n - i = -12. Suppose -4*h = -w - 17, 2*w - h = 5*w - n. What are the prime factors of w?
3
List the prime factors of 5/10 + (-402)/(-12).
2, 17
Suppose 5*k + 10 = 0, k - 53 = 3*v - 4*k. Let s = -12 - v. List the prime factors of s.
3
Let t be (-2)/(-1) - (-4)/(-2). Suppose t = 4*r + 3*d - 83, 61 = 3*r + 2*d - d. Suppose 0 = -2*x - 5*n + r, 3*x - 5*n + 12 = 42. List the prime factors of x.
2, 5
Let b(j) = 2*j**3 - 3*j**2 - 4*j + 2. Let d(f) = -f**3 - 4*f**2 + 5*f + 3. Let y be d(-5). List the prime factors of b(y).
17
List the prime factors of (1 - -2)/(-1) - -85.
2, 41
Suppose -w + 3 = 0, 0*w = 2*a - 2*w - 214. What are the prime factors of a?
2, 5, 11
Let j = 27 - 48. List the prime factors of 1/(2 - (-39)/j).
7
Let n(r) = -r**3 - 6*r**2 + 6*r - 3. Let q be n(-7). Suppose 0 = 2*p + g + 18, q*p + 37 = -4*g + 5. Let d = p + 19. List the prime factors of d.
3
List the prime factors of ((-12)/5)/((-12)/570).
2, 3, 19
Suppose a = 6*a + 150. List the prime factors of 50/4*(-48)/a.
2, 5
Let l(b) be the first derivative of 10*b - 1/3*b**3 + 2 - 9/2*b**2. What are the prime factors of l(-9)?
2, 5
Suppose -2 - 3 = 5*s. Let g be (s - -8) + (-2)/1. Suppose 5*z = g, 5*w - 12 = -z - z. What are the prime factors of w?
2
Let a(c) = -69*c. List the prime factors of a(-1).
3, 23
Suppose 12 = 2*x - 3*c, 0 = -3*x + 2*c - c + 32. Suppose -x = -2*l - 8. What are the prime factors of l?
2
Let u = -72 - -120. What are the prime factors of u?
2, 3
Let m(d) = -d**3 + 14*d**2 + 10*d + 33. What are the prime factors of m(14)?
173
Let r(o) = 71*o**2 + 1. Let a be r(1). Suppose 0 = -n - 2*n + a. Suppose -3*l = -l - n. List the prime factors of l.
2, 3
What are the prime factors of ((-2)/4)/(2 + -3)*366?
3, 61
Suppose 0 = -5*n + n + 400. What are the prime factors of n?
2, 5
Let w(s) = -17*s - 9. What are the prime factors of w(-4)?
59
Let d = 5 + -1. Suppose -d*m - m + 50 = 0. List the prime factors of m.
2, 5
Let f = 0 + 0. Let s = 19 - 11. Suppose -s = -2*v - f. List the prime factors of v.
2
Let k = -86 + 46. Let t = 81 + k. What are the prime factors of t?
41
Suppose -5*u + 198 + 90 = -a, -222 = -4*u + 5*a. Suppose -u - 27 = -5*b. Let d = -8 + b. What are the prime factors of d?
3
Suppose 2*n + 1 - 5 = 0. Suppose 0 = -g + 4, -n*z - g + 0*g = 62. Let a = -18 - z. What are the prime factors of a?
3, 5
Let u = 23 + -13. Let h = 17 - u. Let n = 10 - h. List the prime factors of n.
3
Let s be (10/6)/(2/18). Suppose 3*u = 18 + s. List the prime factors of u.
11
Let i = 2 + -6. Let d = -1 - i. Suppose 0 = -d*b - 2*n + 23, 0 = n + n + 10. List the prime factors of b.
11
Let n(v) = 3*v**2 + 12*v + 3. Let t(c) = 4*c**2 - 2